{"id":2321,"date":"2026-03-31T15:47:57","date_gmt":"2026-03-31T15:47:57","guid":{"rendered":"https:\/\/azoreslab.com\/azoresgreenvillas\/?page_id=2321"},"modified":"2026-04-29T00:47:54","modified_gmt":"2026-04-29T00:47:54","slug":"faq","status":"publish","type":"page","link":"https:\/\/azoreslab.com\/azoresgreenvillas\/faq\/","title":{"rendered":"F.A.Q.&#8217;s"},"content":{"rendered":"\t\t<div data-elementor-type=\"wp-page\" data-elementor-id=\"2321\" class=\"elementor elementor-2321\" data-elementor-post-type=\"page\">\n\t\t\t\t<div class=\"elementor-element elementor-element-4e3495ec e-flex e-con-boxed e-con e-parent\" data-id=\"4e3495ec\" data-element_type=\"container\" data-e-type=\"container\" data-settings=\"{&quot;background_background&quot;:&quot;classic&quot;}\">\n\t\t\t\t\t<div class=\"e-con-inner\">\n\t\t<div class=\"elementor-element elementor-element-393bc57 e-con-full e-flex e-con e-child\" data-id=\"393bc57\" data-element_type=\"container\" data-e-type=\"container\">\n\t\t\t\t<div class=\"elementor-element elementor-element-5e724160 elementor-invisible elementor-widget elementor-widget-heading\" data-id=\"5e724160\" data-element_type=\"widget\" data-e-type=\"widget\" data-settings=\"{&quot;_animation&quot;:&quot;fadeInUp&quot;}\" data-widget_type=\"heading.default\">\n\t\t\t\t<div class=\"elementor-widget-container\">\n\t\t\t\t\t<h1 class=\"elementor-heading-title elementor-size-default\">F.A.Q.&#8217;s<\/h1>\t\t\t\t<\/div>\n\t\t\t\t<\/div>\n\t\t\t\t<\/div>\n\t\t\t\t\t<\/div>\n\t\t\t\t<\/div>\n\t\t<div class=\"elementor-element elementor-element-f839a8d e-flex e-con-boxed elementor-invisible e-con e-parent\" data-id=\"f839a8d\" data-element_type=\"container\" data-e-type=\"container\" data-settings=\"{&quot;animation&quot;:&quot;fadeInUp&quot;}\">\n\t\t\t\t\t<div class=\"e-con-inner\">\n\t\t<div class=\"elementor-element elementor-element-e5cf155 e-con-full e-flex e-con e-child\" data-id=\"e5cf155\" data-element_type=\"container\" data-e-type=\"container\" data-settings=\"{&quot;sticky&quot;:&quot;top&quot;,&quot;sticky_offset&quot;:150,&quot;sticky_effects_offset&quot;:150,&quot;sticky_anchor_link_offset&quot;:150,&quot;sticky_parent&quot;:&quot;yes&quot;,&quot;sticky_on&quot;:[&quot;widescreen&quot;,&quot;desktop&quot;,&quot;laptop&quot;,&quot;tablet_extra&quot;,&quot;tablet&quot;,&quot;mobile_extra&quot;,&quot;mobile&quot;]}\">\n\t\t<div class=\"elementor-element elementor-element-2691ccb e-con-full jkit-sticky-element--enabled e-flex jkit-sticky-element-on--down jkit-sticky-position--sticky e-con e-child\" data-id=\"2691ccb\" data-element_type=\"container\" data-e-type=\"container\" data-settings=\"{&quot;jkit_sticky_top_position&quot;:{&quot;unit&quot;:&quot;px&quot;,&quot;size&quot;:50,&quot;sizes&quot;:[]},&quot;jkit_sticky_device&quot;:&quot;desktop&quot;}\">\n\t\t\t\t<div class=\"elementor-element elementor-element-9c9e61b elementor-widget elementor-widget-heading\" data-id=\"9c9e61b\" data-element_type=\"widget\" data-e-type=\"widget\" data-widget_type=\"heading.default\">\n\t\t\t\t<div class=\"elementor-widget-container\">\n\t\t\t\t\t<div class=\"elementor-heading-title elementor-size-default\">Frequently asked questions<\/div>\t\t\t\t<\/div>\n\t\t\t\t<\/div>\n\t\t\t\t<div class=\"elementor-element elementor-element-1ec8613 elementor-widget elementor-widget-heading\" data-id=\"1ec8613\" data-element_type=\"widget\" data-e-type=\"widget\" data-widget_type=\"heading.default\">\n\t\t\t\t<div class=\"elementor-widget-container\">\n\t\t\t\t\t<h2 class=\"elementor-heading-title elementor-size-default\">Tem d\u00favidas? <br>N\u00f3s temos as respostas.<\/h2>\t\t\t\t<\/div>\n\t\t\t\t<\/div>\n\t\t\t\t<\/div>\n\t\t\t\t<\/div>\n\t\t<div class=\"elementor-element elementor-element-7a0de00 e-con-full e-flex e-con e-child\" data-id=\"7a0de00\" data-element_type=\"container\" data-e-type=\"container\">\n\t\t<div class=\"elementor-element elementor-element-ffd18cc e-con-full animated-fast e-flex elementor-invisible e-con e-child\" data-id=\"ffd18cc\" data-element_type=\"container\" data-e-type=\"container\" data-settings=\"{&quot;background_background&quot;:&quot;classic&quot;,&quot;animation&quot;:&quot;fadeInUp&quot;}\">\n\t\t\t\t<div class=\"elementor-element elementor-element-c85a197 elementor-widget elementor-widget-heading\" data-id=\"c85a197\" data-element_type=\"widget\" data-e-type=\"widget\" data-widget_type=\"heading.default\">\n\t\t\t\t<div class=\"elementor-widget-container\">\n\t\t\t\t\t<h3 class=\"elementor-heading-title elementor-size-default\">Qual \u00e9 a idade m\u00ednima para ficar hospedado?<\/h3>\t\t\t\t<\/div>\n\t\t\t\t<\/div>\n\t\t\t\t<div class=\"elementor-element elementor-element-b029c24 elementor-widget elementor-widget-text-editor\" data-id=\"b029c24\" data-element_type=\"widget\" data-e-type=\"widget\" data-widget_type=\"text-editor.default\">\n\t\t\t\t<div class=\"elementor-widget-container\">\n\t\t\t\t\t\t\t\t\tA idade m\u00ednima para check-in \u00e9 de 18 anos.\nMenores de 18 anos podem ficar alojados se acompanhados por um adulto\nrespons\u00e1vel.\t\t\t\t\t\t\t\t<\/div>\n\t\t\t\t<\/div>\n\t\t\t\t<\/div>\n\t\t<div class=\"elementor-element elementor-element-747e4d2 e-con-full animated-fast e-flex elementor-invisible e-con e-child\" data-id=\"747e4d2\" data-element_type=\"container\" data-e-type=\"container\" data-settings=\"{&quot;background_background&quot;:&quot;classic&quot;,&quot;animation&quot;:&quot;fadeInUp&quot;}\">\n\t\t\t\t<div class=\"elementor-element elementor-element-55a7852 elementor-widget elementor-widget-heading\" data-id=\"55a7852\" data-element_type=\"widget\" data-e-type=\"widget\" data-widget_type=\"heading.default\">\n\t\t\t\t<div class=\"elementor-widget-container\">\n\t\t\t\t\t<h3 class=\"elementor-heading-title elementor-size-default\">Como posso fazer uma reserva?<\/h3>\t\t\t\t<\/div>\n\t\t\t\t<\/div>\n\t\t\t\t<div class=\"elementor-element elementor-element-3b22eab elementor-widget elementor-widget-text-editor\" data-id=\"3b22eab\" data-element_type=\"widget\" data-e-type=\"widget\" data-widget_type=\"text-editor.default\">\n\t\t\t\t<div class=\"elementor-widget-container\">\n\t\t\t\t\t\t\t\t\tPode efetuar uma reserva, de forma simples, neste website, por email ou por\ntelefone. Em cada uma das op\u00e7\u00f5es deve indicar a ilha pretendida, as datas, o\nn\u00famero de h\u00f3spedes e a tipologia de alojamento.\t\t\t\t\t\t\t\t<\/div>\n\t\t\t\t<\/div>\n\t\t\t\t<\/div>\n\t\t<div class=\"elementor-element elementor-element-3a465da e-con-full animated-fast e-flex elementor-invisible e-con e-child\" data-id=\"3a465da\" data-element_type=\"container\" data-e-type=\"container\" data-settings=\"{&quot;background_background&quot;:&quot;classic&quot;,&quot;animation&quot;:&quot;fadeInUp&quot;}\">\n\t\t\t\t<div class=\"elementor-element elementor-element-ccf3aa9 elementor-widget elementor-widget-heading\" data-id=\"ccf3aa9\" data-element_type=\"widget\" data-e-type=\"widget\" data-widget_type=\"heading.default\">\n\t\t\t\t<div class=\"elementor-widget-container\">\n\t\t\t\t\t<h3 class=\"elementor-heading-title elementor-size-default\">Posso cancelar ou alterar a minha reserva?<\/h3>\t\t\t\t<\/div>\n\t\t\t\t<\/div>\n\t\t\t\t<div class=\"elementor-element elementor-element-2d4f651 elementor-widget elementor-widget-text-editor\" data-id=\"2d4f651\" data-element_type=\"widget\" data-e-type=\"widget\" data-widget_type=\"text-editor.default\">\n\t\t\t\t<div class=\"elementor-widget-container\">\n\t\t\t\t\t\t\t\t\tO cancelamento ou altera\u00e7\u00e3o da sua reserva depende da tarifa selecionada no\nmomento da reserva. As condi\u00e7\u00f5es subjacentes a cada tarifa s\u00e3o indicadas\ndurante o processo.\t\t\t\t\t\t\t\t<\/div>\n\t\t\t\t<\/div>\n\t\t\t\t<\/div>\n\t\t<div class=\"elementor-element elementor-element-bfce82c e-con-full animated-fast e-flex elementor-invisible e-con e-child\" data-id=\"bfce82c\" data-element_type=\"container\" data-e-type=\"container\" data-settings=\"{&quot;background_background&quot;:&quot;classic&quot;,&quot;animation&quot;:&quot;fadeInUp&quot;}\">\n\t\t\t\t<div class=\"elementor-element elementor-element-0f97531 elementor-widget elementor-widget-heading\" data-id=\"0f97531\" data-element_type=\"widget\" data-e-type=\"widget\" data-widget_type=\"heading.default\">\n\t\t\t\t<div class=\"elementor-widget-container\">\n\t\t\t\t\t<h3 class=\"elementor-heading-title elementor-size-default\">Os hostels t\u00eam quartos privados?<\/h3>\t\t\t\t<\/div>\n\t\t\t\t<\/div>\n\t\t\t\t<div class=\"elementor-element elementor-element-4848da7 elementor-widget elementor-widget-text-editor\" data-id=\"4848da7\" data-element_type=\"widget\" data-e-type=\"widget\" data-widget_type=\"text-editor.default\">\n\t\t\t\t<div class=\"elementor-widget-container\">\n\t\t\t\t\t\t\t\t\tSim, dispomos de op\u00e7\u00f5es de quartos privados com WC privativo e quartos\nprivados sem WC privativo.\t\t\t\t\t\t\t\t<\/div>\n\t\t\t\t<\/div>\n\t\t\t\t<\/div>\n\t\t<div class=\"elementor-element elementor-element-9a9f36b e-con-full animated-fast e-flex elementor-invisible e-con e-child\" data-id=\"9a9f36b\" data-element_type=\"container\" data-e-type=\"container\" data-settings=\"{&quot;background_background&quot;:&quot;classic&quot;,&quot;animation&quot;:&quot;fadeInUp&quot;}\">\n\t\t\t\t<div class=\"elementor-element elementor-element-7c6a179 elementor-widget elementor-widget-heading\" data-id=\"7c6a179\" data-element_type=\"widget\" data-e-type=\"widget\" data-widget_type=\"heading.default\">\n\t\t\t\t<div class=\"elementor-widget-container\">\n\t\t\t\t\t<h3 class=\"elementor-heading-title elementor-size-default\">O pequeno-almo\u00e7o est\u00e1 inclu\u00eddo na reserva?<\/h3>\t\t\t\t<\/div>\n\t\t\t\t<\/div>\n\t\t\t\t<div class=\"elementor-element elementor-element-8ba9909 elementor-widget elementor-widget-text-editor\" data-id=\"8ba9909\" data-element_type=\"widget\" data-e-type=\"widget\" data-widget_type=\"text-editor.default\">\n\t\t\t\t<div class=\"elementor-widget-container\">\n\t\t\t\t\t\t\t\t\tSim, o pequeno-almo\u00e7o buffet est\u00e1 inclu\u00eddo na reserva e pode ser desfrutado das\n07h30 \u00e0s 10h00, todos os dias da semana.\t\t\t\t\t\t\t\t<\/div>\n\t\t\t\t<\/div>\n\t\t\t\t<\/div>\n\t\t<div class=\"elementor-element elementor-element-926c530 e-con-full animated-fast e-flex elementor-invisible e-con e-child\" data-id=\"926c530\" data-element_type=\"container\" data-e-type=\"container\" data-settings=\"{&quot;background_background&quot;:&quot;classic&quot;,&quot;animation&quot;:&quot;fadeInUp&quot;}\">\n\t\t\t\t<div class=\"elementor-element elementor-element-2f3b827 elementor-widget elementor-widget-heading\" data-id=\"2f3b827\" data-element_type=\"widget\" data-e-type=\"widget\" data-widget_type=\"heading.default\">\n\t\t\t\t<div class=\"elementor-widget-container\">\n\t\t\t\t\t<h3 class=\"elementor-heading-title elementor-size-default\">Qual \u00e9 o hor\u00e1rio de check-in e check-out?<\/h3>\t\t\t\t<\/div>\n\t\t\t\t<\/div>\n\t\t\t\t<div class=\"elementor-element elementor-element-a9d1349 elementor-widget elementor-widget-text-editor\" data-id=\"a9d1349\" data-element_type=\"widget\" data-e-type=\"widget\" data-widget_type=\"text-editor.default\">\n\t\t\t\t<div class=\"elementor-widget-container\">\n\t\t\t\t\t\t\t\t\tO check-in pode ser efetuado das 15h00 \u00e0s 23h30 e o check-out das 00h00 at\u00e9 \u00e0s\n11h00.\t\t\t\t\t\t\t\t<\/div>\n\t\t\t\t<\/div>\n\t\t\t\t<\/div>\n\t\t<div class=\"elementor-element elementor-element-c66d2a7 e-con-full animated-fast e-flex elementor-invisible e-con e-child\" data-id=\"c66d2a7\" data-element_type=\"container\" data-e-type=\"container\" data-settings=\"{&quot;background_background&quot;:&quot;classic&quot;,&quot;animation&quot;:&quot;fadeInUp&quot;}\">\n\t\t\t\t<div class=\"elementor-element elementor-element-235729d elementor-widget elementor-widget-heading\" data-id=\"235729d\" data-element_type=\"widget\" data-e-type=\"widget\" data-widget_type=\"heading.default\">\n\t\t\t\t<div class=\"elementor-widget-container\">\n\t\t\t\t\t<h3 class=\"elementor-heading-title elementor-size-default\">Posso guardar a bagagem antes do check-in?<\/h3>\t\t\t\t<\/div>\n\t\t\t\t<\/div>\n\t\t\t\t<div class=\"elementor-element elementor-element-489af81 elementor-widget elementor-widget-text-editor\" data-id=\"489af81\" data-element_type=\"widget\" data-e-type=\"widget\" data-widget_type=\"text-editor.default\">\n\t\t\t\t<div class=\"elementor-widget-container\">\n\t\t\t\t\t\t\t\t\tSim, dispomos de cacifos pr\u00f3prios para armazenamento de bagagem, onde pode guardar os seus pertences at\u00e9 ao ato de check-in. (confirmar)\t\t\t\t\t\t\t\t<\/div>\n\t\t\t\t<\/div>\n\t\t\t\t<\/div>\n\t\t<div class=\"elementor-element elementor-element-48dcca3 e-con-full animated-fast e-flex elementor-invisible e-con e-child\" data-id=\"48dcca3\" data-element_type=\"container\" data-e-type=\"container\" data-settings=\"{&quot;background_background&quot;:&quot;classic&quot;,&quot;animation&quot;:&quot;fadeInUp&quot;}\">\n\t\t\t\t<div class=\"elementor-element elementor-element-8fabf51 elementor-widget elementor-widget-heading\" data-id=\"8fabf51\" data-element_type=\"widget\" data-e-type=\"widget\" data-widget_type=\"heading.default\">\n\t\t\t\t<div class=\"elementor-widget-container\">\n\t\t\t\t\t<h3 class=\"elementor-heading-title elementor-size-default\">\u00c9 poss\u00edvel reservar para grupos ou escolas?<\/h3>\t\t\t\t<\/div>\n\t\t\t\t<\/div>\n\t\t\t\t<div class=\"elementor-element elementor-element-5c60a85 elementor-widget elementor-widget-text-editor\" data-id=\"5c60a85\" data-element_type=\"widget\" data-e-type=\"widget\" data-widget_type=\"text-editor.default\">\n\t\t\t\t<div class=\"elementor-widget-container\">\n\t\t\t\t\t\t\t\t\tSim, \u00e9 poss\u00edvel reservar para grupos, incluindo grupos escolares. Para confirmar\nas condi\u00e7\u00f5es espec\u00edficas como valores e tarifas especiais para grupos deve\ncontactar-nos por email bookings@azoresyouthhostels.com ou por telefone (+351)\n296\u00a0629\u00a0431.\t\t\t\t\t\t\t\t<\/div>\n\t\t\t\t<\/div>\n\t\t\t\t<\/div>\n\t\t<div class=\"elementor-element elementor-element-8ace3d7 e-con-full animated-fast e-flex elementor-invisible e-con e-child\" data-id=\"8ace3d7\" data-element_type=\"container\" data-e-type=\"container\" data-settings=\"{&quot;background_background&quot;:&quot;classic&quot;,&quot;animation&quot;:&quot;fadeInUp&quot;}\">\n\t\t\t\t<div class=\"elementor-element elementor-element-c20a768 elementor-widget elementor-widget-heading\" data-id=\"c20a768\" data-element_type=\"widget\" data-e-type=\"widget\" data-widget_type=\"heading.default\">\n\t\t\t\t<div class=\"elementor-widget-container\">\n\t\t\t\t\t<h3 class=\"elementor-heading-title elementor-size-default\">Que documentos necessito apresentar no check-in?<\/h3>\t\t\t\t<\/div>\n\t\t\t\t<\/div>\n\t\t\t\t<div class=\"elementor-element elementor-element-2e049bf elementor-widget elementor-widget-text-editor\" data-id=\"2e049bf\" data-element_type=\"widget\" data-e-type=\"widget\" data-widget_type=\"text-editor.default\">\n\t\t\t\t<div class=\"elementor-widget-container\">\n\t\t\t\t\t\t\t\t\tNo ato de check-in solicitamos a apresenta\u00e7\u00e3o de um documento de identifica\u00e7\u00e3o\nou passaporte e um cart\u00e3o de cr\u00e9dito em nome do titular da reserva.\t\t\t\t\t\t\t\t<\/div>\n\t\t\t\t<\/div>\n\t\t\t\t<\/div>\n\t\t<div class=\"elementor-element elementor-element-a33942d e-con-full animated-fast e-flex elementor-invisible e-con e-child\" data-id=\"a33942d\" data-element_type=\"container\" data-e-type=\"container\" data-settings=\"{&quot;background_background&quot;:&quot;classic&quot;,&quot;animation&quot;:&quot;fadeInUp&quot;}\">\n\t\t\t\t<div class=\"elementor-element elementor-element-eb5f471 elementor-widget elementor-widget-heading\" data-id=\"eb5f471\" data-element_type=\"widget\" data-e-type=\"widget\" data-widget_type=\"heading.default\">\n\t\t\t\t<div class=\"elementor-widget-container\">\n\t\t\t\t\t<h3 class=\"elementor-heading-title elementor-size-default\">Os Azores Youth Hostels s\u00e3o indicados para fam\u00edlias?<\/h3>\t\t\t\t<\/div>\n\t\t\t\t<\/div>\n\t\t\t\t<div class=\"elementor-element elementor-element-1e02bdb elementor-widget elementor-widget-text-editor\" data-id=\"1e02bdb\" data-element_type=\"widget\" data-e-type=\"widget\" data-widget_type=\"text-editor.default\">\n\t\t\t\t<div class=\"elementor-widget-container\">\n\t\t\t\t\t\t\t\t\tSim, as fam\u00edlias s\u00e3o bem-vindas nos Azores Youth Hotels. Dispomos de quartos\nprivados, que oferecem mais privacidade e conforto para as fam\u00edlias, bem como\nber\u00e7os e\/ou camas extras dispon\u00edveis mediante pedido.\t\t\t\t\t\t\t\t<\/div>\n\t\t\t\t<\/div>\n\t\t\t\t<\/div>\n\t\t\t\t<\/div>\n\t\t\t\t\t<\/div>\n\t\t\t\t<\/div>\n\t\t\t\t<\/div>\n\t\t","protected":false},"excerpt":{"rendered":"<p>Frequently asked questions Tem d\u00favidas? N\u00f3s temos as respostas. Qual \u00e9 a idade m\u00ednima para ficar hospedado? A idade m\u00ednima para check-in \u00e9 de 18 anos. Menores de 18 anos podem ficar alojados se acompanhados por um adulto respons\u00e1vel. Como posso fazer uma reserva? Pode efetuar uma reserva, de forma simples, neste website, por email [&hellip;]<\/p>\n","protected":false},"author":1,"featured_media":1452,"parent":0,"menu_order":9,"comment_status":"closed","ping_status":"closed","template":"","meta":{"_acf_changed":false,"footnotes":""},"class_list":["post-2321","page","type-page","status-publish","has-post-thumbnail","hentry"],"acf":[],"_links":{"self":[{"href":"https:\/\/azoreslab.com\/azoresgreenvillas\/wp-json\/wp\/v2\/pages\/2321","targetHints":{"allow":["GET"]}}],"collection":[{"href":"https:\/\/azoreslab.com\/azoresgreenvillas\/wp-json\/wp\/v2\/pages"}],"about":[{"href":"https:\/\/azoreslab.com\/azoresgreenvillas\/wp-json\/wp\/v2\/types\/page"}],"author":[{"embeddable":true,"href":"https:\/\/azoreslab.com\/azoresgreenvillas\/wp-json\/wp\/v2\/users\/1"}],"replies":[{"embeddable":true,"href":"https:\/\/azoreslab.com\/azoresgreenvillas\/wp-json\/wp\/v2\/comments?post=2321"}],"version-history":[{"count":9,"href":"https:\/\/azoreslab.com\/azoresgreenvillas\/wp-json\/wp\/v2\/pages\/2321\/revisions"}],"predecessor-version":[{"id":2390,"href":"https:\/\/azoreslab.com\/azoresgreenvillas\/wp-json\/wp\/v2\/pages\/2321\/revisions\/2390"}],"wp:featuredmedia":[{"embeddable":true,"href":"https:\/\/azoreslab.com\/azoresgreenvillas\/wp-json\/wp\/v2\/media\/1452"}],"wp:attachment":[{"href":"https:\/\/azoreslab.com\/azoresgreenvillas\/wp-json\/wp\/v2\/media?parent=2321"}],"curies":[{"name":"wp","href":"https:\/\/api.w.org\/{rel}","templated":true}]}}